- 31*o + 9. Give i(-11).
834
Let u(z) = 13162*z - 697581. Determine u(53).
5
Let p(y) = 4640*y + 306224. Give p(-66).
-16
Let a(g) = -46*g**2 - 82*g + 93. Give a(1).
-35
Let y(h) = 2*h**3 - 154*h**2 - 715*h + 524. What is y(-5)?
-1
Let t(b) = b**3 - 3*b**2 + 3577*b - 21577. Calculate t(6).
-7
Let c(w) = 1377*w - 52373. Calculate c(38).
-47
Let d(m) = 358*m**3 + 5*m**2 + 6*m - 5. What is d(1)?
364
Let w(x) = x**3 + 28*x**2 + 163*x + 2187. What is w(-25)?
-13
Let z(f) = 2*f**3 + 3*f**2 - 47*f + 3440. What is z(0)?
3440
Let s(l) = -7136*l + 149813. Give s(21).
-43
Let r(y) = -4*y**3 + 515*y**2 - 12132*y + 342. Give r(31).
1
Let s(u) = -3*u**3 - 650*u**2 - 15363*u + 43. Calculate s(-27).
43
Let a(f) = 8*f**2 + 77*f + 33. Determine a(-16).
849
Let c(b) = -28444*b - 11406058. What is c(-401)?
-14
Let u(z) = -2737*z + 1691360. Determine u(618).
-106
Let u(k) = -393*k**3 - 22792*k**2 + 126*k + 583. Calculate u(-58).
3
Let a(o) = o**3 - 29*o**2 - 266*o - 162. Give a(35).
-2122
Let t(s) = s**2 - 571*s - 112485. What is t(-154)?
-835
Let k(z) = -384*z - 14880. Calculate k(-39).
96
Let n(b) = -b**3 + 34*b**2 + 3455*b + 1014. What is n(-44)?
2
Let r(u) = 4*u**3 - 47*u**2 - 1316*u + 1. Determine r(25).
226
Let j(k) = 77*k**2 - 484*k + 20. Calculate j(6).
-112
Let n(y) = 864*y + 179711. Give n(-208).
-1
Let t(z) = 98*z**2 - 222*z + 51. Give t(3).
267
Let d(s) = 6432*s - 4598883. Determine d(715).
-3
Let v(p) = 90*p**2 - 2295*p - 1197. Give v(26).
-27
Let d(z) = 22*z**2 + 878*z - 7046. Calculate d(8).
1386
Let q(k) = 121861*k - 1340468. Give q(11).
3
Let v(f) = f**3 + 710*f**2 - 2876*f + 92. Calculate v(4).
12
Let g(f) = -400*f + 43053. Determine g(107).
253
Let q(y) = y**3 - 43*y**2 - 4*y + 3522. Calculate q(41).
-4
Let s(q) = 7*q**3 - 17*q**2 - 110*q + 590. Calculate s(6).
830
Let a(r) = 1303*r - 63858. What is a(49)?
-11
Let s(j) = 148*j + 2480. Calculate s(-17).
-36
Let a(d) = 62*d - 4361. Calculate a(76).
351
Let b(j) = 2*j**3 - 76*j**2 - 60*j + 2267. What is b(38)?
-13
Let j(z) = -2351*z + 51758. Determine j(22).
36
Let r(i) = -i**3 - 44*i**2 - 214*i - 9587. Give r(-44).
-171
Let p(u) = 109*u**2 + 8185*u + 899. Determine p(-75).
149
Let l(z) = -74963*z - 74973. What is l(-1)?
-10
Let w(s) = -8*s**2 + 24*s + 193. Calculate w(-7).
-367
Let a(k) = k**2 + k - 783. What is a(-29)?
29
Let f(j) = -40*j - 5441. Determine f(-106).
-1201
Let j(d) = 41*d + 1561. Calculate j(-38).
3
Let s(w) = -4754*w - 670301. Determine s(-141).
13
Let d(p) = 19*p**3 + 221*p**2 - 80*p - 70. Calculate d(-12).
-118
Let l(o) = 4*o**3 + 70*o**2 + 4*o + 52. What is l(-16)?
1524
Let p(s) = 8*s**3 + 1155*s**2 + 418*s - 2008. Determine p(-144).
8
Let g(l) = 685*l - 43140. Determine g(63).
15
Let i(p) = -286*p - 63782. What is i(-223)?
-4
Let p(s) = -302197*s - 5137353. Calculate p(-17).
-4
Let l(s) = -2*s**3 - 199*s**2 - 287*s + 614. Calculate l(-98).
-72
Let n(m) = -3380*m**2 + 158872*m - 564. Determine n(47).
0
Let z(j) = 2*j**2 + 1599*j - 56292. Calculate z(34).
386
Let o(v) = 56*v**2 + 6212*v + 218. Calculate o(-111).
662
Let n(f) = 7795*f - 23443. Give n(3).
-58
Let f(l) = -66*l**2 - 731*l - 1982. Give f(-7).
-99
Let a(g) = -161*g**2 - 3227*g - 145. Give a(-20).
-5
Let s(d) = -162*d**2 + 1709*d - 4425. Determine s(6).
-3
Let u(o) = -167*o**2 + 10917*o - 4035. Determine u(65).
-5
Let b(q) = 82*q**2 + 437*q + 229. Calculate b(-6).
559
Let h(v) = v**3 - 50*v**2 - 1130*v + 57776. Give h(49).
5
Let m(b) = -2*b**3 + 62*b**2 + 188*b + 55. What is m(35)?
-3165
Let k(d) = -3770*d + 188495. What is k(50)?
-5
Let w(z) = 619*z**2 + 2467*z - 30. Calculate w(-4).
6
Let j(p) = 9163*p - 201583. Calculate j(22).
3
Let l(g) = -g**2 + 5401*g - 336312. Give l(63).
-18
Let k(l) = 3*l**3 + 820*l**2 + 5085*l + 3188. Determine k(-267).
-16
Let a(u) = 565*u + 5285. Give a(-9).
200
Let a(h) = -33*h**3 - 294*h**2 + 10*h + 194. Determine a(-9).
347
Let b(k) = -1373*k**2 - 9478*k - 8. Give b(-7).
-939
Let a(j) = j**3 - 11*j**2 + 74*j - 1122. What is a(13)?
178
Let a(q) = q**2 - 3749*q - 2001702. Determine a(-474).
0
Let h(g) = -g**3 + 42*g**2 - 215*g + 1809. Determine h(37).
699
Let o(a) = a**2 - 169447*a - 1186181. Calculate o(-7).
-3
Let n(r) = -83*r - 5239. What is n(-63)?
-10
Let t(r) = -108672*r - 1086700. What is t(-10)?
20
Let x(n) = -3*n**3 + 2103*n + 6314. Determine x(-3).
86
Let h(f) = -2*f**3 - 213*f**2 + 544*f + 185. Calculate h(-109).
294
Let p(r) = -8*r**2 + 29*r - 709. Calculate p(10).
-1219
Let f(p) = 595*p - 163058. Give f(274).
-28
Let p(g) = 7*g**2 - 194*g - 3668. What is p(-15)?
817
Let g(o) = 1890*o + 75625. What is g(-40)?
25
Let i(d) = -2*d**2 + 358*d - 4575. Give i(14).
45
Let n(p) = -18949*p - 1193796. Calculate n(-63).
-9
Let f(o) = -3941*o**2 + 382281*o - 420. Determine f(97).
-32
Let f(a) = -a**2 + 3456*a + 24320. What is f(-7)?
79
Let z(d) = -1666*d - 30672. Give z(-18).
-684
Let p(k) = 649*k + 214799. Give p(-331).
-20
Let u(m) = -3*m**2 + 3*m + 375. Determine u(-32).
-2793
Let r(t) = t**3 + 204*t**2 - 16*t - 2475. Calculate r(-204).
789
Let w(b) = 3*b**2 + 1473*b + 31206. Give w(-22).
252
Let z(j) = j**3 + 41*j**2 - 639*j + 40. Give z(11).
-697
Let r(m) = -2*m**3 + 586*m**2 + 31207*m + 880. What is r(-46)?
6
Let h(t) = -t**3 - 18*t**2 + 502*t - 14. Calculate h(-33).
-245
Let a(d) = -1466*d**2 + 26399*d - 181. Determine a(18).
17
Let j(f) = -f**3 - 221*f**2 + 516*f + 723. Calculate j(-1).
-13
Let u(a) = a**2 - 128561*a + 1285514. What is u(10)?
4
Let q(t) = 188138*t - 752557. What is q(4)?
-5
Let a(r) = 771*r - 9897. What is a(12)?
-645
Let n(d) = d**3 + 24*d**2 - 392*d + 186. Give n(-35).
431
Let r(z) = -102*z + 283. Calculate r(-4).
691
Let q(k) = -k**2 + 1096*k - 274046. Determine q(386).
14
Let l(w) = 4*w**2 - 80*w + 393. Give l(22).
569
Let c(g) = 179*g**2 + 684*g + 617. Calculate c(-3).
176
Let q(y) = -3*y**2 - 8*y + 109. Calculate q(-6).
49
Let i(h) = -50*h**3 - 80*h**2 + 55*h + 186. Calculate i(-4).
1886
Let b(q) = -3*q**3 - 32*q**2 + 87*q - 34. What is b(-13)?
18
Let d(k) = -1099*k - 7195. What is d(-6)?
-601
Let c(m) = 23*m**2 - 470*m - 181. Determine c(19).
-808
Let o(x) = 87*x**2 + 735*x + 893. Determine o(-7).
11
Let x(n) = n**3 + 54*n**2 + 4387*n + 12699. What is x(-3)?
-3
Let l(y) = 1130*y**3 - 11276*y**2 - 237*y - 29. Determine l(10).
1
Let g(a) = -a**2 + 588*a - 86130. What is g(310)?
50
Let l(a) = 3*a**3 - 9*a**2 + 306*a + 652. Give l(-2).
-20
Let r(c) = 21*c**3 + 96*c**2 - 57*c - 55. Give r(-5).
5
Let u(t) = -t**3 + 82*t**2 - 232*t + 127. Calculate u(79).
522
Let p(t) = -36748*t + 36753. What is p(1)?
5
Let z(m) = -312008*m - 1560059. Determine z(-5).
-19
Let q(d) = 28*d**3 - 337*d**2 - 166*d + 2165. Give q(12).
29
Let s(v) = -13*v**2 - 1765*v + 137. Determine s(-135).
1487
Let f(p) = 369*p + 1804. What is f(-4)?
328
Let g(u) = -2278*u - 29808. Calculate g(-13).
-194
Let r(j) = 2*j**3 - 36*j**2 + 306*j - 1284. Give r(9).
12
Let t(j) = 413*j**2 - 158601*j + 3461. Determine t(384).
5
Let f(n) = -n**3 + 23*n**2 + 112*n - 38. What is f(-5)?
102
Let j(c) = -c**2 + 4690*c - 427518. Give j(93).
3
Let t(n) = -7*n**2 - 723*n - 8736. What is t(-14)?
14
Let n(f) = 417*f**3 + 2*f**2 - 22*f - 22. Determine n(-1).
-415
Let q(w) = 141*w - 9365. Determine q(65).
-200
Let t(m) = -32*m - 710. What is t(-47)?
794
Let y(s) = -s**2 - 86*s + 11348. Determine y(-158).
-28
Let o(k) = -k**3 + 14*k**2 + 56*k - 415. What is o(15)?
200
Let i(c) = -1000*c - 26815. Give i(-27).
185
Let q(m) = -14*m + 542. Give q(22).
234
Let a(t) = 4418*t - 7988. What is a(2)?
848
Let a(w) = w**3 + 9*w**2 + 27*w + 10. What is a(7)?
983
Let w(k) = 1927*k - 125258. Determine w(65).
-3
Let h(i) = -85*i**3 + 1274*i**2 + 21*i - 85. Give h(15).
5
Let u(g) = -3*g**3 + 248*g**2 - 4481*g + 34. Calculate u(56).
-22
Let i(n) = n**3 + 5*n**2 - 1928*n - 1078. Give i(-47).
-3240
Let z(n) = -3*n**3 + 546*n**2 + 9509*n - 451. Give z(198).
539
Let t(v) = 53*v**3 - 531*v**2 + 38*v - 208. Determine t(10).
72
Let x(k) = k**3 + 514*k**2 + 4901*k - 70068. Calculate x(-504).
-12
Let x(w) = w**3 + 146*w**2 - 1576*w + 103. What is x(10)?
-57
Let s(o) = -183*o**2 + 476*o + 955. Determine s(-2).
-729
Let w(n) = -3*n**2 - 63*n + 4. Determine w(-22).
-62
Let a(p) = -2*p**2 + 1365*p - 162662. Give a(154).
116
Let k(g) = -27*g - 277. C